{"id":90,"date":"2015-01-20T22:49:37","date_gmt":"2015-01-20T22:49:37","guid":{"rendered":"https:\/\/www.helasunne.se\/?page_id=90"},"modified":"2018-06-27T22:00:16","modified_gmt":"2018-06-27T22:00:16","slug":"henrik-lagerlof","status":"publish","type":"page","link":"https:\/\/www.helasunne.se\/?page_id=90","title":{"rendered":"Henrik Lagerl\u00f6f"},"content":{"rendered":"<p><a href=\"https:\/\/www.helasunne.se\/wp-content\/uploads\/2015\/01\/HenrikLagerl\u00f6f.jpg\"><img loading=\"lazy\" decoding=\"async\" src=\"https:\/\/www.helasunne.se\/wp-content\/uploads\/2015\/01\/HenrikLagerl\u00f6f-2.jpg\" alt=\"HenrikLagerl\u00f6f 2\" width=\"3662\" height=\"2744\" class=\"alignnone size-full wp-image-412\" srcset=\"https:\/\/www.helasunne.se\/wp-content\/uploads\/2015\/01\/HenrikLagerl\u00f6f-2.jpg 3662w, https:\/\/www.helasunne.se\/wp-content\/uploads\/2015\/01\/HenrikLagerl\u00f6f-2-300x225.jpg 300w, https:\/\/www.helasunne.se\/wp-content\/uploads\/2015\/01\/HenrikLagerl\u00f6f-2-1024x767.jpg 1024w, https:\/\/www.helasunne.se\/wp-content\/uploads\/2015\/01\/HenrikLagerl\u00f6f-2-624x468.jpg 624w\" sizes=\"auto, (max-width: 3662px) 100vw, 3662px\" \/><\/a>Henrik Lagerl\u00f6f \u00e4r utbildad vid restaurangh\u00f6gskolan i Grythyttan och har m\u00e5ng\u00e5rig erfarenhet som restaurangchef och d\u00e4refter som butikschef hos Systembolaget. Henrik har ett stort jaktintresse och brinner f\u00f6r att utveckla f\u00f6retagande och turism p\u00e5 landsbygden. <\/p>\n","protected":false},"excerpt":{"rendered":"<p>Henrik Lagerl\u00f6f \u00e4r utbildad vid restaurangh\u00f6gskolan i Grythyttan och har m\u00e5ng\u00e5rig erfarenhet som restaurangchef och d\u00e4refter som butikschef hos Systembolaget. Henrik har ett stort jaktintresse och brinner f\u00f6r att utveckla f\u00f6retagande och turism p\u00e5 landsbygden.<\/p>\n","protected":false},"author":1,"featured_media":0,"parent":37,"menu_order":0,"comment_status":"closed","ping_status":"closed","template":"","meta":{"footnotes":""},"class_list":["post-90","page","type-page","status-publish","hentry"],"_links":{"self":[{"href":"https:\/\/www.helasunne.se\/index.php?rest_route=\/wp\/v2\/pages\/90","targetHints":{"allow":["GET"]}}],"collection":[{"href":"https:\/\/www.helasunne.se\/index.php?rest_route=\/wp\/v2\/pages"}],"about":[{"href":"https:\/\/www.helasunne.se\/index.php?rest_route=\/wp\/v2\/types\/page"}],"author":[{"embeddable":true,"href":"https:\/\/www.helasunne.se\/index.php?rest_route=\/wp\/v2\/users\/1"}],"replies":[{"embeddable":true,"href":"https:\/\/www.helasunne.se\/index.php?rest_route=%2Fwp%2Fv2%2Fcomments&post=90"}],"version-history":[{"count":4,"href":"https:\/\/www.helasunne.se\/index.php?rest_route=\/wp\/v2\/pages\/90\/revisions"}],"predecessor-version":[{"id":414,"href":"https:\/\/www.helasunne.se\/index.php?rest_route=\/wp\/v2\/pages\/90\/revisions\/414"}],"up":[{"embeddable":true,"href":"https:\/\/www.helasunne.se\/index.php?rest_route=\/wp\/v2\/pages\/37"}],"wp:attachment":[{"href":"https:\/\/www.helasunne.se\/index.php?rest_route=%2Fwp%2Fv2%2Fmedia&parent=90"}],"curies":[{"name":"wp","href":"https:\/\/api.w.org\/{rel}","templated":true}]}}